by 4?
2
Suppose 2*n + 0*n + 12 = 3*o, -2*o = -2*n - 8. Calculate the remainder when 111 is divided by 14/21*174/o.
24
Suppose 180*k - 197*k + 663 = 0. What is the remainder when k is divided by 8?
7
Let u = 166 + -134. What is the remainder when 52 is divided by u?
20
Suppose 0 = 2*j - 4*u + 4 - 0, 5*u + 20 = 0. Suppose -3*q - 6 = -5*q. What is the remainder when q is divided by (-4)/8 + j/(-4)?
1
Let z = 527 + -262. Suppose 116*n = 121*n - z. Let m(v) = v**3 - v + 14. What is the remainder when n is divided by m(0)?
11
Let o(w) = -w**3 + 6*w**2 + 4*w + 21. Let v be o(7). Suppose v = -5*n + 122 + 148. What is the remainder when 160 is divided by n?
52
What is the remainder when ((-50)/(-30) - -3)*84 is divided by 3?
2
Let h = -13 - -18. Suppose 20*a - 7 = 93. Calculate the remainder when h is divided by a.
0
Let g(v) = 7*v**2 + 12*v + 8. Let b(w) = -w**2 - 1. Let z be b(2). What is the remainder when g(z) is divided by 42?
39
Let h be -1 - 4/((-8)/6). Suppose 10 = h*y + 4. Let k = 3 - -5. What is the remainder when k is divided by y?
2
Let n(d) = 19 - 11*d + 12*d + 17. Let f = -13 - -24. What is the remainder when n(-6) is divided by f?
8
Let z(n) = -n + 20. Calculate the remainder when 88 is divided by z(7).
10
Let a = -1387 - -1395. Let r = -2 - -19. What is the remainder when r is divided by a?
1
Let s = -1083 + 1234. What is the remainder when s is divided by 65?
21
Let h = -489 + 514. Suppose 1087 = 5*d + 4*c, 198 = d - 3*c - 27. What is the remainder when (0 - d)*(-2)/6 is divided by h?
23
Let o = 1641 - 1141. Calculate the remainder when o is divided by 126.
122
Let p be (-3)/(-7) + 104/(-14). Let l(o) = -o**3 - 7*o**2 + 9. Let n be l(p). Let s = 14 - n. What is the remainder when s is divided by 2?
1
Let z = 165 - 102. What is the remainder when z is divided by -2 - -1 - -2 - -15?
15
Let c(g) = g**3 + 17*g**2 + 5. Let w be c(-17). Suppose -38 = -w*r + 82. What is the remainder when r is divided by 14?
10
Let o = 8 - 5. Suppose o*v - 21 = -5*p + 62, 3*p = 5*v - 195. Calculate the remainder when v is divided by 10.
6
Suppose -2*n = -4*n + 6. Suppose -3*r + 2 = -r, n*b = r + 98. What is the remainder when b/(-55)*90/(-2) is divided by 14?
13
Let c = -127 - -131. Suppose 2*l = 2*y - l - 107, c*y - l - 199 = 0. Let z = -57 + 82. Calculate the remainder when y is divided by z.
24
Suppose 6*x - 351 = 135. What is the remainder when x is divided by 11?
4
Suppose 79 = 2*l - 21. Let q be 12/((5 - 3) + -3). Let a = 25 + q. Calculate the remainder when l is divided by a.
11
Let h = 16 + 9. Let w = h + -3. Calculate the remainder when 107 is divided by w.
19
Suppose 3*c - 11 + 2 = -o, 0 = 2*c - o - 1. Suppose -c = -3*l + 2*l - i, 5*l - 34 = i. Calculate the remainder when 91/(-24 - -11)*1*-1 is divided by l.
1
Let x = 73 + 21. Let m(w) = 7*w - 3. Calculate the remainder when x is divided by m(5).
30
Suppose 0 = -279*q + 295*q - 368. Calculate the remainder when 79 is divided by q.
10
Suppose 4*v = d + 4*d - 15, -3*v - 15 = 0. Let w = 4 + d. Let p(t) = 14*t - 1. Calculate the remainder when p(w) is divided by 14.
13
Let c(m) = 6*m - 17. Let w be c(5). Suppose -w*k + 9*k = -88. What is the remainder when 86 is divided by k?
20
Suppose -2*s - s = 5*d - 10, -4*s + 2*d + 22 = 0. Suppose -f = 4*g - 83, -2*g + f + 44 = -f. What is the remainder when (4/(-6))/((-1)/g) is divided by s?
4
Let s(i) = -i**2 + 23*i + 46. Suppose 4*c - 5*o = -43 + 109, 0 = -5*c - 2*o + 66. Calculate the remainder when s(24) is divided by c.
8
Let w(y) = -10*y - 102. What is the remainder when 359 is divided by w(-12)?
17
Let h(b) = -2*b - 5. Let j be h(0). Let l be j + 1 - 126/(-7). Suppose -3*x = -v + 34, -5*x - l = -v + 16. Calculate the remainder when v is divided by 21.
19
Let o(d) = d**2 - 13*d + 5. Let y be o(13). Suppose -u - a = -y*u + 209, -258 = -5*u - 2*a. Let n = u - 23. Calculate the remainder when 55 is divided by n.
26
What is the remainder when (-760)/(-4) + -5 + 0 is divided by 48?
41
Suppose -4*t = 5*x - 25, -2*t = 2*x - 12 - 0. Suppose 3*p - 20 = t*n + 41, 3*n - 12 = 0. Calculate the remainder when p is divided by 10.
7
Let g(u) = -u**3 + 3*u**2 + 13*u - 13. What is the remainder when (-6)/2 - (1 - 49) is divided by g(4)?
22
Suppose 221*n - 242*n = -1092. What is the remainder when 152 is divided by n?
48
Let r(j) = 135*j + 855. What is the remainder when r(-6) is divided by 13?
6
Suppose -3*b + 447 = -i, -35*b + 36*b - 5*i - 135 = 0. What is the remainder when b is divided by 22?
18
Suppose 2*t - 4*u = 722, 2*t + 4*u + 155 - 893 = 0. What is the remainder when 365 is divided by t?
0
Suppose 4*m = -2*l + 260, -2*l + 5*l - 3*m = 381. Let r = -100 + l. Calculate the remainder when 192 is divided by r.
24
Let r = 60 + -24. Let a = -1072 + 1091. Calculate the remainder when r is divided by a.
17
Let f(q) = -q**2 - 7*q - 8. What is the remainder when 31 is divided by f(-4)?
3
Let r(h) = -h + 1. Let z = 86 - 85. Suppose 14*v - 27 - z = 0. What is the remainder when r(-6) is divided by v?
1
Let h be (-18)/(-117) - (-1504)/26. Let v = h + -36. Suppose -4*g + v = -3*b, 5*g - 4*g - 3*b = 10. What is the remainder when 19 is divided by g?
3
Let p(j) = 2*j**3 - 2*j**2 + 3*j + 1. Let s be p(3). Suppose 3*x = -7*i + 4*i + 9, 3*x - 13 = -5*i. What is the remainder when (s/i)/(5/5) is divided by 13?
10
Calculate the remainder when -16*(-74)/4 + 44/(-22) is divided by 60.
54
Let l(s) = 2*s**2 - 64*s + 182. What is the remainder when l(30) is divided by 22?
18
Let v(d) = 2*d + 19. Let x = 16 + 3. What is the remainder when x is divided by v(-4)?
8
Suppose 0*p = -3*p + 2*n - 26, n = 4*p + 28. What is the remainder when 96/15 - p/(-15) is divided by 6?
0
Let a be (-162)/(-5) + 6/(-15). Suppose 88 = 6*d - a. Calculate the remainder when 39 is divided by d.
19
Let d be ((-16)/(-12))/((-4)/(-18)). Suppose -3*q + d = -9. Suppose -6 = 3*x + 9, x - 5 = -q*t. What is the remainder when 6 is divided by t?
0
Let j = -111 - -128. What is the remainder when 377 is divided by (0 + -3)*(-4 - j)?
62
Let l = 111 - 72. Suppose -l = -p - 0. Calculate the remainder when p is divided by 22.
17
Let a(l) = -3*l**3 - l**2 - 3*l - 6. Let m be a(-2). Suppose -16*s + m*s - 52 = 0. Calculate the remainder when s is divided by 5.
3
Suppose -111 = -3*d + 7*d - 5*n, 3 = n. Let z = 33 + d. Calculate the remainder when 16 is divided by z.
7
Calculate the remainder when 744 is divided by (-490)/(-6) + 1 + (-3)/(-9).
80
Let d(m) = m + 4 - 2 - 23 + 4*m. Calculate the remainder when 14 is divided by d(5).
2
Suppose -16 = 9*d - 13*d. Calculate the remainder when 102 is divided by (1 + d)*(21 - 18).
12
What is the remainder when (-6)/(376/379 + -1) is divided by 95?
93
Calculate the remainder when (-7)/(-42)*15*150 is divided by 18.
15
Suppose 0 = 2*q + 44 - 16. Calculate the remainder when 22/(-77) - (0 - (-46)/q) is divided by 2.
1
Let v = 215 - 154. Suppose 3*r - 58 = u, 0*r - 5*r + 5*u = -80. Calculate the remainder when v is divided by r.
19
Let t = 4 + 3. Let b(f) = f**3 - 7*f**2 + 7*f - 2. Let p be b(6). Calculate the remainder when t is divided by (27/(-6) + p)*-4.
1
Suppose 16*c + 3490 = 25042. What is the remainder when c is divided by 71?
69
Suppose 0 = 5*h + 5*p - 690, 2*p = 5*h + 4*p - 687. Calculate the remainder when h is divided by 29.
21
Calculate the remainder when (15 - -2)*128/4 is divided by 13.
11
Suppose -8*v + 560 = -4*v. Let s(a) = a**3 - 6*a**2 - 9*a - 5. Let q be s(8). Let k = v - q. Calculate the remainder when k is divided by 23.
20
Let a(r) = r**2 + 51*r - 735. What is the remainder when 330 is divided by a(12)?
15
Suppose -11*z = 24*z - 1995. Calculate the remainder when 2507 is divided by z.
56
Let k(v) = -v**3 - 8*v**2 - 6*v + 9. Let g be k(-7). Let r(a) = -a + 19. Let w be r(0). Calculate the remainder when 35 is divided by -1*(g + -1) + w.
17
Let o be ((-4)/10)/(8/(-20)). Let v = o + -21. Calculate the remainder when ((-160)/50)/(2/v) is divided by 17.
15
Suppose 0 = -47*z + 46*z - 1. Let t(n) = -23*n - 1. Let x = -48 - -133. What is the remainder when x is divided by t(z)?
19
Let j(r) = 46*r**2 + 3*r - 1. Let c be j(2). Let w = 141 + -136. Suppose w*i = c + 141. What is the remainder when i is divided by 17?
15
Let o be (-6120)/(-30) - (0 - -1). Suppose 15*s = 8*s + o. Calcul